Let f be y(7). Let s(m) = 1 + m + 33*m**3 - 1. Calculate the remainder when s(f) is divided by 12.
10
Let b = 10 - 5. Let p = -14 - -17. What is the remainder when b is divided by p?
2
Suppose -5*v + 6 = 3*w, -2*w + 5 = -5*v + 1. Suppose c - 5*i - 14 = 0, -3*c + 0*i + 3*i = -18. What is the remainder when w is divided by c - 2*(3 - 2)?
0
What is the remainder when 44 is divided by -10*5/2*-1?
19
Suppose -2*j + 1 - 5 = 0. Calculate the remainder when 35 + ((-12)/4)/1 is divided by 0/(-1) - 34/j.
15
Calculate the remainder when 18/4*56/6 is divided by (-5)/((-5)/(15/1)).
12
Suppose -6*f + 2*f + 132 = 0. Suppose 4*v = 2*v + 2*c + 40, -4*v + 62 = 2*c. Calculate the remainder when f is divided by v.
16
Let d(f) = -4*f. Suppose 3*k + 2 + 4 = -3*u, -3*k - 2 = -u. Let w(h) = -h**2 - 11*h + 11. Calculate the remainder when w(-11) is divided by d(k).
3
Suppose 3 + 9 = -2*y. Calculate the remainder when (156/(-18))/(4/y) is divided by 7.
6
Suppose -b = 3 - 88. What is the remainder when b is divided by 22?
19
Calculate the remainder when (-2)/12*3*(-304)/2 is divided by 11.
10
Let r = 3 + 1. Suppose 9*p + 64 - 199 = 0. What is the remainder when p is divided by r?
3
Let i = 37 - 21. Let a = 16 + -16. Suppose a*y + 92 = 2*y. What is the remainder when y is divided by i?
14
Let m = -165 - -290. Suppose -m = -7*n + 2*n. Calculate the remainder when n is divided by (-1 + 0)*-13 - 0.
12
Suppose 8*a - 5*a = -u + 120, 4*u = a - 27. Suppose -f - 2*f + a = 0. Calculate the remainder when f is divided by 4.
1
Let k(b) be the first derivative of 4*b**3/3 - b**2/2 + 2*b + 4. Suppose 3*a - 61 = 2*a. Calculate the remainder when a is divided by k(2).
13
Let h be 185 - (1 + 0 + -2). Calculate the remainder when 4/8 - h/(-4) is divided by 16.
15
Suppose -b - g + 3 = 0, -5 = 5*b - 4*g - 2. Calculate the remainder when b is divided by 1.
0
Let w = 4 - 7. Calculate the remainder when 4/w*(0 - 21) is divided by 15.
13
Let t = -15 + 16. Calculate the remainder when -2 + -3 + 11/t is divided by 4.
2
Suppose -8*l + x + 47 = -3*l, -l + 7 = x. Let d = 2 + l. Calculate the remainder when 19 is divided by d.
8
Calculate the remainder when 16 is divided by ((-12)/8 - 1)*-4.
6
Let s = -4 - -27. Suppose 4*u = 2*u + 10. Calculate the remainder when s is divided by u/(15/4)*6.
7
Let c(z) = -z**2 - 2*z + 15. What is the remainder when 34 is divided by c(0)?
4
Let q(g) = 5*g - 35. Suppose 13 = 4*s - 63. What is the remainder when q(14) is divided by s?
16
Let n(m) = -m**3 + m**2 - m + 3. Let w be n(0). Suppose -2*o = w*l - 12 + 2, -3*l = -5*o + 67. What is the remainder when 21 is divided by o?
10
Let t = -23 - -51. What is the remainder when 53 is divided by t?
25
Suppose k + 4 = 3*k. Suppose k*p - 69 = 5*r - 0*r, 0 = p - r - 30. Calculate the remainder when p is divided by 7.
6
Let p = 16 + 22. Suppose 0 = 3*h + 4*y - 31, -5*y - 12 = 3*h - p. Suppose 2*q - 3*q = -9. Calculate the remainder when h is divided by q.
8
Suppose 0 = -5*n - 3*w + 115, -58 = -5*n + 2*n - 4*w. Let j(l) = -l**2 + 10*l + 5. Calculate the remainder when n is divided by j(9).
12
Suppose 3*w - 3*s + 51 = 0, 3*w + 7*s - 4*s = -21. Let z = w + 25. What is the remainder when 24 is divided by z?
11
Let c = 16 + 5. What is the remainder when 62 is divided by c?
20
Let j(y) = -y**2 - 7*y - 4. Let w be j(-6). Suppose -2*p + w = -0. Calculate the remainder when 2 is divided by p.
0
Let g(l) = l + 9. Let a be g(-6). Suppose x = 4 + a. Calculate the remainder when x is divided by 3.
1
Let c(n) = -n**2 + 5*n + 7. Let u be c(6). Suppose -3*l + 27 = 3*s, 4*l = s - u + 7. What is the remainder when 22 is divided by s?
4
Let a(l) = -l**2 - 9*l - 9. Let w = -244 + 261. Calculate the remainder when w is divided by a(-6).
8
Let r(l) = 8*l - 58. Calculate the remainder when 84 is divided by r(10).
18
Let g be 4/(-6)*(-3 - 3). Calculate the remainder when (-756)/(-9) - (-1 + g) is divided by 28.
25
Calculate the remainder when 1*(-4 - -1 - -4) is divided by 1.
0
Suppose 0 = y + 3*i - 192, -i + 2*i + 1040 = 5*y. Calculate the remainder when y is divided by 26.
25
Suppose 2*k + l = 9 + 8, 0 = 4*l - 20. Calculate the remainder when 21 is divided by k.
3
Let z(y) = 2*y - 4. Let r = 107 - 104. Calculate the remainder when z(5) is divided by r.
0
Let i(x) = -14*x**3 - 2*x - 1. What is the remainder when i(-1) is divided by 9?
6
Let g(z) = z**2 - 3*z - 4. Calculate the remainder when 69 is divided by g(7).
21
Let k = -1 - -28. What is the remainder when 77 is divided by k?
23
Suppose h = 14 + 9. Calculate the remainder when 88 is divided by h.
19
Let g = -10 + 17. Suppose 3*q + q = 52. What is the remainder when q is divided by g?
6
Suppose 0 = -5*n - 3*a + 75, -3*n + 45 = a - 5*a. Suppose 4*o - 5 + 13 = 0. What is the remainder when n is divided by (1 - o)*(-24)/(-9)?
7
Suppose 0 = 3*o + 3*q - 42, -2*o + 16 = q - 7. Let p(a) = a**3 + 5*a**2 + 2*a - 3. What is the remainder when o is divided by p(-4)?
4
Suppose -5*b + 64 = -3*d, -b = d - 1 - 7. Suppose 6*u - 25 = u. Suppose -170 = -u*n + 2*f, 39 = 2*n + f + 4*f. What is the remainder when n is divided by b?
10
Let b = -10 + 10. Suppose 2*i + 86 - 34 = b. Let o = i + 37. Calculate the remainder when 32 is divided by o.
10
Suppose -2 = -3*w + w. Let k = 3 - w. Suppose 0 = -k*p, 0 = 5*i + 3*p - 35 - 80. Calculate the remainder when 67 is divided by i.
21
Let v = -68 - -100. Suppose -4*s - 19 = -3*s + b, 5*b - 20 = 0. Let w = s + v. Calculate the remainder when 25 is divided by w.
7
Let p be (2/4)/(1/(-26)). Let j = 19 + p. Let l = j - -8. What is the remainder when 41 is divided by l?
13
Calculate the remainder when 16 is divided by 9 - -2 - (-6)/(-3).
7
Let k(u) be the second derivative of -3*u**3/2 - 5*u**2/2 - 3*u. Calculate the remainder when k(-4) is divided by ((-33)/(-12))/(1/4).
9
Suppose 0*a + 4*a = 112. Let z(f) be the third derivative of f**5/60 + f**4/8 + 5*f**3/6 - 2*f**2. What is the remainder when a is divided by z(-5)?
13
Let h(d) = 9*d + 4. Let x be h(3). Let z = x + -13. Suppose 2*g = f - 42, 0 = g + 3*g - 20. Calculate the remainder when f is divided by z.
16
Let v = -134 - -190. Suppose s = -3*s + v. What is the remainder when 41 is divided by s?
13
Let m(p) = -p**2 + 23*p - 22. What is the remainder when m(17) is divided by 28?
24
What is the remainder when (0/(-3) - 1) + (-4 - -72) is divided by 34?
33
Suppose 2 = -4*l + 10. Suppose -2 = l*z + 4*v, 3*z + 0*z + 4*v - 5 = 0. Let k = -71 - -75. What is the remainder when z is divided by k?
3
Let q(p) = -p**2 - 6*p + 2. Suppose -y - 2*y + 90 = 0. What is the remainder when (4/(-12))/((-2)/y) is divided by q(-6)?
1
Let g = 68 - 39. Calculate the remainder when 115 is divided by g.
28
Calculate the remainder when 0 + 11 + -9 + 9 is divided by 4.
3
Suppose -3*l = -2*l + 1. Let m = l + 4. Calculate the remainder when 9 is divided by m.
0
What is the remainder when 11/((-55)/(-210)) + (3 - 0) is divided by 10?
5
Suppose 0 = z + 4*z - 215. Calculate the remainder when z is divided by 11.
10
Let y(v) = -v**3 - 3*v**2 - 3*v. Let k be y(-2). Calculate the remainder when (2 - (0 - k))*3 is divided by 7.
5
Let l(h) = 2*h**2 + 2*h - 2. Let k(m) = -m**3 - 7*m**2 - 6*m + 1. Calculate the remainder when l(-2) is divided by k(-6).
0
Suppose 22 = 4*a - 2*a. Suppose a + 59 = 2*n. Let b = 18 - 9. Calculate the remainder when n is divided by b.
8
Let t(a) = -a**3 - 4*a**2 - 2*a + 3. Let l be t(-4). Let p = -6 + l. Suppose -3*y = -q + 7, -14 = -5*y - 4. What is the remainder when q is divided by p?
3
Let y = 55 - 17. What is the remainder when y is divided by 10?
8
Suppose 7*i = 5*i + b + 147, -4*i + 269 = 3*b. What is the remainder when i is divided by (1 - -11)*(-6)/(-3)?
23
Let h(n) = 5*n**2 - 4*n - 7. Suppose -3*t + 9 = -3*i, i - 3*t + 4 + 1 = 0. What is the remainder when h(i) is divided by 6?
3
Let g = -6 - -9. Suppose 0 = -c - 0 + 3. Suppose -5*z + c*z = -4*p + 34, 0 = -3*p + 2*z + 27. What is the remainder when p is divided by g?
1
Suppose -4*y + 39 = -0*y + 3*m, -3*y + 38 = 4*m. Suppose 2*s + 0*g - g - 6 = 0, -g = 4*s - y. What is the remainder when s is divided by 2?
0
What is the remainder when (-2 + (-1)/1)/(-1) is divided by 3?
0
Suppose 0 = -w - w + 30. What is the remainder when w is divided by 9?
6
Let n(o) = 4*o. Let r = -5 - 